50?
True
Is 94 a factor of 103707844?
False
Is 94 a factor of 27140338?
True
Is 61599602 a multiple of 34?
True
Is 1962520 a multiple of 49?
False
Does 12 divide 235895359?
False
Is 1234949550 a multiple of 150?
True
Is 4747195 a multiple of 22?
False
Does 6742 divide 5848120790?
False
Is 17 a factor of 53708440?
True
Does 32 divide 33514818?
False
Is 13 a factor of 59191509?
True
Is 1299 a factor of 44099344?
False
Is 4340304 a multiple of 306?
True
Is 168 a factor of 16584974?
False
Is 1041 a factor of 61386660?
False
Is 39125602 a multiple of 1097?
True
Is 132614987 a multiple of 23?
True
Does 66 divide 16744332?
True
Does 964 divide 70051438?
False
Is 88201899 a multiple of 17?
True
Is 1022442858 a multiple of 89?
True
Does 1012 divide 85476371?
False
Is 6495 a factor of 879158992?
False
Does 282 divide 3597192?
True
Does 646 divide 240389671?
False
Is 1096167772 a multiple of 1036?
True
Does 25 divide 145469750?
True
Is 2893672487 a multiple of 399?
False
Is 60 a factor of 590048843?
False
Is 45145903 a multiple of 29?
False
Is 67 a factor of 952956899?
False
Is 133 a factor of 135835719?
False
Does 3 divide 17593909?
False
Does 5594 divide 3812334226?
False
Is 14 a factor of 2363885?
False
Is 1375877853 a multiple of 303?
True
Is 43812420 a multiple of 10?
True
Does 38 divide 71440745?
False
Does 3 divide 7007260?
False
Does 61 divide 550587020?
False
Is 17840117 a multiple of 362?
False
Is 2394 a factor of 174421810?
False
Does 22 divide 3083762?
True
Is 17659430 a multiple of 1241?
True
Does 581 divide 31157943?
False
Is 47752536 a multiple of 41?
True
Does 1911 divide 1904804538?
True
Does 19 divide 13977350?
True
Is 231472932 a multiple of 3?
True
Is 40525360 a multiple of 185?
True
Is 31 a factor of 48556212?
False
Does 211 divide 54665036?
True
Does 293 divide 1026672?
True
Is 46398232 a multiple of 179?
True
Is 295481701 a multiple of 237?
False
Is 562 a factor of 570029485?
False
Is 10 a factor of 25167130?
True
Is 12 a factor of 3033509664?
True
Is 1593 a factor of 212907636?
True
Is 39764190 a multiple of 18?
False
Does 15 divide 37238565?
True
Does 172 divide 110697136?
True
Is 116103430 a multiple of 10?
True
Is 85 a factor of 227543980?
True
Is 346762445 a multiple of 1642?
False
Does 63 divide 21325059?
True
Does 17 divide 5229519370?
False
Does 18 divide 6910470?
True
Is 411866730 a multiple of 1390?
True
Is 519808080 a multiple of 240?
True
Does 69 divide 47371224?
False
Is 84 a factor of 44585940?
True
Is 70746493 a multiple of 3387?
False
Is 99046608 a multiple of 1004?
True
Does 287 divide 43506904?
True
Is 2746 a factor of 1579704722?
False
Does 814 divide 596178702?
False
Does 32 divide 362053600?
True
Does 1794 divide 58988638?
False
Is 7323072 a multiple of 16?
True
Is 1221472 a multiple of 19?
True
Is 2560801 a multiple of 53?
True
Does 145 divide 31231278?
False
Is 577 a factor of 2530120766?
True
Is 786040200 a multiple of 180?
True
Does 45 divide 866070?
True
Is 10126384 a multiple of 982?
True
Is 545096 a multiple of 3?
False
Does 141 divide 67902639?
True
Does 2 divide 1821017?
False
Is 30911721 a multiple of 179?
False
Does 22 divide 15062354?
False
Does 67 divide 41044590?
False
Does 1241 divide 636314063?
True
Does 8 divide 62610265?
False
Is 3064342 a multiple of 5?
False
Does 27 divide 2186993874?
False
Is 638 a factor of 118382228?
False
Is 4377 a factor of 2313415203?
True
Does 10 divide 89798791?
False
Is 605 a factor of 3514091876?
False
Is 244904122 a multiple of 7?
False
Is 23827180 a multiple of 73?
False
Does 7 divide 46040911?
True
Is 8 a factor of 178448312?
True
Is 14034863 a multiple of 61?
False
Does 1307 divide 9444382?
True
Does 1601 divide 33306908?
False
Is 9 a factor of 3147410241?
True
Is 143685393 a multiple of 355?
False
Is 2153011660 a multiple of 18?
False
Is 4211 a factor of 4656514667?
False
Is 19649960 a multiple of 136?
True
Does 1286 divide 898111536?
True
Is 860 a factor of 134070703?
False
Is 164503080 a multiple of 168?
True
Is 4 a factor of 217456365?
False
Is 832325936 a multiple of 17?
False
Does 95 divide 401592740?
True
Does 66 divide 36058618?
False
Is 66 a factor of 285566?
False
Is 48 a factor of 486809153?
False
Is 1573 a factor of 30292420?
False
Does 574 divide 2894774988?
True
Is 2328 a factor of 1261200984?
True
Does 1217 divide 246932945?
False
Is 88037510 a multiple of 2557?
True
Is 157504308 a multiple of 58?
False
Does 18 divide 466969428?
True
Is 472361966 a multiple of 227?
False
Is 2027761462 a multiple of 141?
False
Is 89744010 a multiple of 10?
True
Is 439 a factor of 1288974322?
False
Is 9 a factor of 20822701?
False
Is 155860966 a multiple of 3386?
True
Is 45389100 a multiple of 6?
True
Is 3926989 a multiple of 5?
False
Is 6454946 a multiple of 212?
False
Does 802 divide 142310458?
False
Is 667017804 a multiple of 262?
False
Does 124 divide 251387429?
False
Is 18532701 a multiple of 292?
False
Is 195 a factor of 181409670?
True
Is 108560485 a multiple of 29?
True
Is 313450718 a multiple of 926?
False
Does 2913 divide 394611739?
False
Does 38 divide 196970715?
False
Is 6178608 a multiple of 18?
True
Does 71 divide 960664?
False
Is 11 a factor of 252763236?
True
Does 1067 divide 14864592?
False
Does 3116 divide 2708442785?
False
Is 3627106230 a multiple of 187?
True
Does 8 divide 30916672?
True
Does 937 divide 88888505?
True
Does 82 divide 233220585?
False
Is 50 a factor of 3271717900?
True
Does 26 divide 915275010?
True
Is 11 a factor of 213669775?
True
Is 73542500 a multiple of 25?
True
Does 1568 divide 115135333?
False
Is 4824038916 a multiple of 27?
True
Is 334 a factor of 897262139?
False
Is 755961380 a multiple of 1821?
False
Is 1606839663 a multiple of 1497?
False
Is 25196202 a multiple of 9?
True
Is 156425110 a multiple of 485?
True
Is 1843 a factor of 169819549?
True
Is 328933181 a multiple of 1955?
False
Is 35 a factor of 20183731?
False
Does 37 divide 123309678?
True
Does 33 divide 73453899?
False
Does 179 divide 1789947489?
False
Does 1552 divide 2134418976?
False
Is 101283216 a multiple of 24?
True
Is 54 a factor of 112598292?
False
Is 24 a factor of 65233285?
False
Is 69803412 a multiple of 2492?
True
Is 22729850 a multiple of 22?
True
Does 132 divide 266992837?
False
Is 11891580 a multiple of 16?
False
Is 372822389 a multiple of 361?
True
Is 439 a factor of 58426071?
True
Is 255920576 a multiple of 41?
False
Is 6058231 a multiple of 3?
False
Is 2480 a factor of 49399591?
False
Is 19 a factor of 1850549606?
False
Does 247 divide 2049969?
False
Is 32287667 a multiple of 626?
False
Is 2120 a factor of 110402264?
False
Is 167021676 a multiple of 5040?
False
Is 13057622 a multiple of 25?
False
Does 1353 divide 23055120?
True
Is 315634 a multiple of 406?
False
Is 445606116 a multiple of 627?
False
Does 860 divide 410306992?
False
Does 1087 divide 13250530?
True
Does 6180 divide 336834720?
True
Is 8993643 a multiple of 57?
False
Is 75 a factor of 185061202?
False
Is 139 a factor of 9411829?
True
Is 37 a factor of 17025809?
True
Is 12114959 a multiple of 107?
False
Does 65 divide 656119?
False
Is 1501366 a multiple of 71?
True
Is 503 a factor of 247674616?
False
Does 8 divide 5060552?
True
Is 3547720 a multiple of 55?
True
Is 308 a factor of 198252213?
False
Does 86 divide 126956984?
True
Is 602423071 a multiple of 500?
False
Is 88258242 a multiple of 9?
False
Is 30 a factor of 132304470?
True
Does 48 divide 1852961712?
True
Is 2543466677 a multiple of 9?
False
Is 21 a factor of 238035588?
True
Is 95760099 a multiple of 30?
False
Is 41 a factor of 11095719?
False
Is 17162496 even?
True
Does 17 divide 1626581981?
True
Does 1618 divide 34566952?
True
Is 30057966 a multiple of 2850?
False
Does 402 divide 38029442?
False
Is 13510068 a multiple of 858?
True
Is 1118 a factor of 76511448?
True
Is 2323117453 a multiple of 176?
False
Does 39 divide 683985902?
False
Does 847 divide 89404043?
False
Is 498 a factor of 18216840?
True
Does 1514 divide 7279312?
True
Is 504 a factor of 20586006?
False
Is 369 a factor of 138260678?
False
Is 40 a factor of 27803566?
False
Does 41 divide 183980776?
True
Does 87 divide 2380437711?
True
Is 17434343 a multiple of 6?
False
Does 27 divide 15583164?
False
Is 1422707718 a multiple of 59?
False
Is 486 a factor of 856